{"id":5367,"date":"2024-10-10T11:38:45","date_gmt":"2024-10-10T10:38:45","guid":{"rendered":"https:\/\/la-maison.net\/index.php\/le-verre-point-de-depart-cheers\/"},"modified":"2024-11-05T17:11:19","modified_gmt":"2024-11-05T16:11:19","slug":"le-verre-point-de-depart-cheers","status":"publish","type":"page","link":"https:\/\/la-maison.net\/index.php\/le-verre-point-de-depart-cheers\/","title":{"rendered":"R\u00c9F\u00c9RENCES"},"content":{"rendered":"<div id=\"pl-5367\"  class=\"panel-layout\" ><div id=\"pg-5367-0\"  class=\"panel-grid panel-no-style\" ><div id=\"pgc-5367-0-0\"  class=\"panel-grid-cell\" ><div id=\"panel-5367-0-0-0\" class=\"so-panel widget widget_sow-headline panel-first-child\" data-index=\"0\" ><div id=\"animations\" class=\"panel-widget-style panel-widget-style-for-5367-0-0-0\" ><div\n\t\t\t\n\t\t\tclass=\"so-widget-sow-headline so-widget-sow-headline-default-7b28e68ff25e-5367\"\n\t\t\t\n\t\t><div class=\"sow-headline-container \">\n\t\t\t\t\t\t\t<h2 class=\"sow-headline\">\n\t\t\t\t\t\tR\u00c9F\u00c9RENCES CLIENTS\t\t\t\t\t\t<\/h2>\n\t\t\t\t\t\t\t\t\t\t\t<div class=\"decoration\">\n\t\t\t\t\t\t<div class=\"decoration-inside\"><\/div>\n\t\t\t\t\t<\/div>\n\t\t\t\t\t<\/div>\n<\/div><\/div><\/div><div id=\"panel-5367-0-0-1\" class=\"so-panel widget widget_sow-simple-masonry panel-last-child\" data-index=\"1\" ><div\n\t\t\t\n\t\t\tclass=\"so-widget-sow-simple-masonry so-widget-sow-simple-masonry-default-e14a0aa780eb-5367\"\n\t\t\t data-overlay-enabled=\"1\" data-overlay-settings=\"{&quot;enabled_for_widgets&quot;:[&quot;sow-image&quot;,&quot;sow-image-grid&quot;,&quot;sow-simple-masonry&quot;],&quot;theme&quot;:&quot;&quot;,&quot;show_delay&quot;:300,&quot;overlay_color&quot;:&quot;#000000&quot;,&quot;overlay_opacity&quot;:0.8,&quot;overlay_position&quot;:&quot;bottom&quot;,&quot;overlay_size&quot;:0.3,&quot;desktop_show_trigger&quot;:&quot;hover&quot;,&quot;touch_show_trigger&quot;:&quot;touch&quot;,&quot;responsive_breakpoint&quot;:&quot;1024px&quot;,&quot;responsive_breakpoint_unit&quot;:&quot;px&quot;,&quot;overlay_animation&quot;:&quot;fade&quot;,&quot;overlay_animation_onscreen&quot;:false,&quot;font_family&quot;:&quot;&quot;,&quot;text_size&quot;:&quot;15px&quot;,&quot;text_size_unit&quot;:&quot;px&quot;,&quot;text_color&quot;:&quot;#fff&quot;,&quot;text_padding&quot;:&quot;22px 22px 22px 22px&quot;,&quot;text_position&quot;:&quot;middle&quot;,&quot;text_align&quot;:&quot;left&quot;,&quot;text_animation&quot;:&quot;&quot;}\"\n\t\t>\n\n\t<div class=\"sow-masonry-grid-preloader\"><div><\/div><div><\/div><div><\/div><div><\/div><\/div>\n<div class=\"sow-masonry-grid\"\n\tdata-layouts=\"{&quot;desktop&quot;:{&quot;numColumns&quot;:8,&quot;rowHeight&quot;:0,&quot;gutter&quot;:20},&quot;tablet&quot;:{&quot;breakPoint&quot;:768,&quot;numColumns&quot;:2,&quot;rowHeight&quot;:0,&quot;gutter&quot;:20},&quot;mobile&quot;:{&quot;breakPoint&quot;:480,&quot;numColumns&quot;:1,&quot;rowHeight&quot;:0,&quot;gutter&quot;:20}}\" data-layout-origin-left=\"true\" style=\"opacity: 0;\">\n\t\t\t\t<div class=\"sow-masonry-grid-item\" data-col-span=\"1\"\n\t\t\t\tdata-row-span=\"1\">\n\t\t\t\t\n\t\t\t\t\n\t\t\t\t<img loading=\"lazy\" decoding=\"async\" width=\"300\" height=\"300\" src=\"https:\/\/la-maison.net\/wp-content\/uploads\/2018\/06\/usm.jpg\" class=\"sow-masonry-grid-image\" alt=\"\" title=\"\" srcset=\"https:\/\/la-maison.net\/wp-content\/uploads\/2018\/06\/usm.jpg 300w, https:\/\/la-maison.net\/wp-content\/uploads\/2018\/06\/usm-100x100.jpg 100w, https:\/\/la-maison.net\/wp-content\/uploads\/2018\/06\/usm-150x150.jpg 150w\" sizes=\"(max-width: 300px) 100vw, 300px\" \/>\n\t\t\t\t\n\t\t\t\t\t\t\t<\/div>\n\t\t\t\t\t\t<div class=\"sow-masonry-grid-item\" data-col-span=\"1\"\n\t\t\t\tdata-row-span=\"1\">\n\t\t\t\t\n\t\t\t\t\n\t\t\t\t<img loading=\"lazy\" decoding=\"async\" width=\"300\" height=\"300\" src=\"https:\/\/la-maison.net\/wp-content\/uploads\/2017\/05\/chanel2.jpg\" class=\"sow-masonry-grid-image\" alt=\"\" title=\"\" srcset=\"https:\/\/la-maison.net\/wp-content\/uploads\/2017\/05\/chanel2.jpg 300w, https:\/\/la-maison.net\/wp-content\/uploads\/2017\/05\/chanel2-100x100.jpg 100w, https:\/\/la-maison.net\/wp-content\/uploads\/2017\/05\/chanel2-150x150.jpg 150w\" sizes=\"(max-width: 300px) 100vw, 300px\" \/>\n\t\t\t\t\n\t\t\t\t\t\t\t<\/div>\n\t\t\t\t\t\t<div class=\"sow-masonry-grid-item\" data-col-span=\"1\"\n\t\t\t\tdata-row-span=\"1\">\n\t\t\t\t\n\t\t\t\t\n\t\t\t\t<img loading=\"lazy\" decoding=\"async\" width=\"300\" height=\"300\" src=\"https:\/\/la-maison.net\/wp-content\/uploads\/2018\/02\/cic.jpg\" class=\"sow-masonry-grid-image\" alt=\"\" title=\"\" srcset=\"https:\/\/la-maison.net\/wp-content\/uploads\/2018\/02\/cic.jpg 300w, https:\/\/la-maison.net\/wp-content\/uploads\/2018\/02\/cic-100x100.jpg 100w, https:\/\/la-maison.net\/wp-content\/uploads\/2018\/02\/cic-150x150.jpg 150w\" sizes=\"(max-width: 300px) 100vw, 300px\" \/>\n\t\t\t\t\n\t\t\t\t\t\t\t<\/div>\n\t\t\t\t\t\t<div class=\"sow-masonry-grid-item\" data-col-span=\"1\"\n\t\t\t\tdata-row-span=\"1\">\n\t\t\t\t\n\t\t\t\t\n\t\t\t\t<img loading=\"lazy\" decoding=\"async\" width=\"200\" height=\"200\" src=\"https:\/\/la-maison.net\/wp-content\/uploads\/2024\/10\/images.png\" class=\"sow-masonry-grid-image\" alt=\"\" title=\"60 Foch Notaires\" srcset=\"https:\/\/la-maison.net\/wp-content\/uploads\/2024\/10\/images.png 200w, https:\/\/la-maison.net\/wp-content\/uploads\/2024\/10\/images-150x150.png 150w, https:\/\/la-maison.net\/wp-content\/uploads\/2024\/10\/images-24x24.png 24w, https:\/\/la-maison.net\/wp-content\/uploads\/2024\/10\/images-36x36.png 36w, https:\/\/la-maison.net\/wp-content\/uploads\/2024\/10\/images-48x48.png 48w\" sizes=\"(max-width: 200px) 100vw, 200px\" \/>\n\t\t\t\t\n\t\t\t\t\t\t\t<\/div>\n\t\t\t\t\t\t<div class=\"sow-masonry-grid-item\" data-col-span=\"1\"\n\t\t\t\tdata-row-span=\"1\">\n\t\t\t\t\n\t\t\t\t\n\t\t\t\t<img loading=\"lazy\" decoding=\"async\" width=\"300\" height=\"300\" src=\"https:\/\/la-maison.net\/wp-content\/uploads\/2018\/02\/malherbe.jpg\" class=\"sow-masonry-grid-image\" alt=\"\" title=\"\" srcset=\"https:\/\/la-maison.net\/wp-content\/uploads\/2018\/02\/malherbe.jpg 300w, https:\/\/la-maison.net\/wp-content\/uploads\/2018\/02\/malherbe-100x100.jpg 100w, https:\/\/la-maison.net\/wp-content\/uploads\/2018\/02\/malherbe-150x150.jpg 150w\" sizes=\"(max-width: 300px) 100vw, 300px\" \/>\n\t\t\t\t\n\t\t\t\t\t\t\t<\/div>\n\t\t\t\t\t\t<div class=\"sow-masonry-grid-item\" data-col-span=\"1\"\n\t\t\t\tdata-row-span=\"1\">\n\t\t\t\t\n\t\t\t\t\n\t\t\t\t<img loading=\"lazy\" decoding=\"async\" width=\"300\" height=\"300\" src=\"https:\/\/la-maison.net\/wp-content\/uploads\/2018\/02\/bmw.jpg\" class=\"sow-masonry-grid-image\" alt=\"\" title=\"\" srcset=\"https:\/\/la-maison.net\/wp-content\/uploads\/2018\/02\/bmw.jpg 300w, https:\/\/la-maison.net\/wp-content\/uploads\/2018\/02\/bmw-100x100.jpg 100w, https:\/\/la-maison.net\/wp-content\/uploads\/2018\/02\/bmw-150x150.jpg 150w\" sizes=\"(max-width: 300px) 100vw, 300px\" \/>\n\t\t\t\t\n\t\t\t\t\t\t\t<\/div>\n\t\t\t\t\t\t<div class=\"sow-masonry-grid-item\" data-col-span=\"1\"\n\t\t\t\tdata-row-span=\"1\">\n\t\t\t\t\n\t\t\t\t\n\t\t\t\t<img loading=\"lazy\" decoding=\"async\" width=\"379\" height=\"379\" src=\"https:\/\/la-maison.net\/wp-content\/uploads\/2017\/09\/Leica-1-e1505804129285.jpg\" class=\"sow-masonry-grid-image\" alt=\"\" title=\"Leica\" srcset=\"https:\/\/la-maison.net\/wp-content\/uploads\/2017\/09\/Leica-1-e1505804129285.jpg 379w, https:\/\/la-maison.net\/wp-content\/uploads\/2017\/09\/Leica-1-e1505804129285-300x300.jpg 300w, https:\/\/la-maison.net\/wp-content\/uploads\/2017\/09\/Leica-1-e1505804129285-100x100.jpg 100w\" sizes=\"(max-width: 379px) 100vw, 379px\" \/>\n\t\t\t\t\n\t\t\t\t\t\t\t<\/div>\n\t\t\t\t\t\t<div class=\"sow-masonry-grid-item\" data-col-span=\"1\"\n\t\t\t\tdata-row-span=\"1\">\n\t\t\t\t\n\t\t\t\t\n\t\t\t\t<img loading=\"lazy\" decoding=\"async\" width=\"300\" height=\"300\" src=\"https:\/\/la-maison.net\/wp-content\/uploads\/2017\/05\/fidal.jpg\" class=\"sow-masonry-grid-image\" alt=\"fidal\" title=\"\" srcset=\"https:\/\/la-maison.net\/wp-content\/uploads\/2017\/05\/fidal.jpg 300w, https:\/\/la-maison.net\/wp-content\/uploads\/2017\/05\/fidal-100x100.jpg 100w, https:\/\/la-maison.net\/wp-content\/uploads\/2017\/05\/fidal-150x150.jpg 150w\" sizes=\"(max-width: 300px) 100vw, 300px\" \/>\n\t\t\t\t\n\t\t\t\t\t\t\t<\/div>\n\t\t\t\t\t\t<div class=\"sow-masonry-grid-item\" data-col-span=\"1\"\n\t\t\t\tdata-row-span=\"1\">\n\t\t\t\t\n\t\t\t\t\n\t\t\t\t<img loading=\"lazy\" decoding=\"async\" width=\"204\" height=\"192\" src=\"https:\/\/la-maison.net\/wp-content\/uploads\/2024\/10\/Unknown-1.png\" class=\"sow-masonry-grid-image\" alt=\"\" title=\"Payfit\" srcset=\"https:\/\/la-maison.net\/wp-content\/uploads\/2024\/10\/Unknown-1.png 204w, https:\/\/la-maison.net\/wp-content\/uploads\/2024\/10\/Unknown-1-24x24.png 24w, https:\/\/la-maison.net\/wp-content\/uploads\/2024\/10\/Unknown-1-36x34.png 36w, https:\/\/la-maison.net\/wp-content\/uploads\/2024\/10\/Unknown-1-48x45.png 48w\" sizes=\"(max-width: 204px) 100vw, 204px\" \/>\n\t\t\t\t\n\t\t\t\t\t\t\t<\/div>\n\t\t\t\t\t\t<div class=\"sow-masonry-grid-item\" data-col-span=\"1\"\n\t\t\t\tdata-row-span=\"1\">\n\t\t\t\t\n\t\t\t\t\n\t\t\t\t<img loading=\"lazy\" decoding=\"async\" width=\"300\" height=\"300\" src=\"https:\/\/la-maison.net\/wp-content\/uploads\/2017\/05\/essilor.jpg\" class=\"sow-masonry-grid-image\" alt=\"essilor\" title=\"\" srcset=\"https:\/\/la-maison.net\/wp-content\/uploads\/2017\/05\/essilor.jpg 300w, https:\/\/la-maison.net\/wp-content\/uploads\/2017\/05\/essilor-100x100.jpg 100w, https:\/\/la-maison.net\/wp-content\/uploads\/2017\/05\/essilor-150x150.jpg 150w\" sizes=\"(max-width: 300px) 100vw, 300px\" \/>\n\t\t\t\t\n\t\t\t\t\t\t\t<\/div>\n\t\t\t\t\t\t<div class=\"sow-masonry-grid-item\" data-col-span=\"1\"\n\t\t\t\tdata-row-span=\"1\">\n\t\t\t\t\n\t\t\t\t\n\t\t\t\t<img loading=\"lazy\" decoding=\"async\" width=\"752\" height=\"564\" src=\"https:\/\/la-maison.net\/wp-content\/uploads\/2024\/10\/original-f8dc5f176f330901caa45a57323f165d.png\" class=\"sow-masonry-grid-image\" alt=\"\" title=\"Naboo\" srcset=\"https:\/\/la-maison.net\/wp-content\/uploads\/2024\/10\/original-f8dc5f176f330901caa45a57323f165d.png 752w, https:\/\/la-maison.net\/wp-content\/uploads\/2024\/10\/original-f8dc5f176f330901caa45a57323f165d-300x225.png 300w, https:\/\/la-maison.net\/wp-content\/uploads\/2024\/10\/original-f8dc5f176f330901caa45a57323f165d-24x18.png 24w, https:\/\/la-maison.net\/wp-content\/uploads\/2024\/10\/original-f8dc5f176f330901caa45a57323f165d-36x27.png 36w, https:\/\/la-maison.net\/wp-content\/uploads\/2024\/10\/original-f8dc5f176f330901caa45a57323f165d-48x36.png 48w\" sizes=\"(max-width: 752px) 100vw, 752px\" \/>\n\t\t\t\t\n\t\t\t\t\t\t\t<\/div>\n\t\t\t\t\t\t<div class=\"sow-masonry-grid-item\" data-col-span=\"1\"\n\t\t\t\tdata-row-span=\"1\">\n\t\t\t\t\n\t\t\t\t\n\t\t\t\t<img loading=\"lazy\" decoding=\"async\" width=\"8334\" height=\"5893\" src=\"https:\/\/la-maison.net\/wp-content\/uploads\/2024\/10\/New-BlaBlaCar-logo.png\" class=\"sow-masonry-grid-image\" alt=\"\" title=\"BlaBlaCar\" srcset=\"https:\/\/la-maison.net\/wp-content\/uploads\/2024\/10\/New-BlaBlaCar-logo.png 8334w, https:\/\/la-maison.net\/wp-content\/uploads\/2024\/10\/New-BlaBlaCar-logo-300x212.png 300w, https:\/\/la-maison.net\/wp-content\/uploads\/2024\/10\/New-BlaBlaCar-logo-1024x724.png 1024w, https:\/\/la-maison.net\/wp-content\/uploads\/2024\/10\/New-BlaBlaCar-logo-768x543.png 768w, https:\/\/la-maison.net\/wp-content\/uploads\/2024\/10\/New-BlaBlaCar-logo-1536x1086.png 1536w, https:\/\/la-maison.net\/wp-content\/uploads\/2024\/10\/New-BlaBlaCar-logo-2048x1448.png 2048w, https:\/\/la-maison.net\/wp-content\/uploads\/2024\/10\/New-BlaBlaCar-logo-24x17.png 24w, https:\/\/la-maison.net\/wp-content\/uploads\/2024\/10\/New-BlaBlaCar-logo-36x25.png 36w, https:\/\/la-maison.net\/wp-content\/uploads\/2024\/10\/New-BlaBlaCar-logo-48x34.png 48w\" sizes=\"(max-width: 8334px) 100vw, 8334px\" \/>\n\t\t\t\t\n\t\t\t\t\t\t\t<\/div>\n\t\t\t\t\t\t<div class=\"sow-masonry-grid-item\" data-col-span=\"1\"\n\t\t\t\tdata-row-span=\"1\">\n\t\t\t\t\n\t\t\t\t\n\t\t\t\t<img loading=\"lazy\" decoding=\"async\" width=\"300\" height=\"300\" src=\"https:\/\/la-maison.net\/wp-content\/uploads\/2017\/05\/angelina.jpg\" class=\"sow-masonry-grid-image\" alt=\"essilor\" title=\"\" srcset=\"https:\/\/la-maison.net\/wp-content\/uploads\/2017\/05\/angelina.jpg 300w, https:\/\/la-maison.net\/wp-content\/uploads\/2017\/05\/angelina-100x100.jpg 100w, https:\/\/la-maison.net\/wp-content\/uploads\/2017\/05\/angelina-150x150.jpg 150w\" sizes=\"(max-width: 300px) 100vw, 300px\" \/>\n\t\t\t\t\n\t\t\t\t\t\t\t<\/div>\n\t\t\t\t\t\t<div class=\"sow-masonry-grid-item\" data-col-span=\"1\"\n\t\t\t\tdata-row-span=\"1\">\n\t\t\t\t\n\t\t\t\t\n\t\t\t\t<img loading=\"lazy\" decoding=\"async\" width=\"260\" height=\"280\" src=\"https:\/\/la-maison.net\/wp-content\/uploads\/2024\/10\/vinnytsia-ukraine-october-03-2023-260nw-2370098813.jpg.webp\" class=\"sow-masonry-grid-image\" alt=\"\" title=\"Volkswagen\" srcset=\"https:\/\/la-maison.net\/wp-content\/uploads\/2024\/10\/vinnytsia-ukraine-october-03-2023-260nw-2370098813.jpg.webp 260w, https:\/\/la-maison.net\/wp-content\/uploads\/2024\/10\/vinnytsia-ukraine-october-03-2023-260nw-2370098813.jpg-22x24.webp 22w, https:\/\/la-maison.net\/wp-content\/uploads\/2024\/10\/vinnytsia-ukraine-october-03-2023-260nw-2370098813.jpg-33x36.webp 33w, https:\/\/la-maison.net\/wp-content\/uploads\/2024\/10\/vinnytsia-ukraine-october-03-2023-260nw-2370098813.jpg-45x48.webp 45w\" sizes=\"(max-width: 260px) 100vw, 260px\" \/>\n\t\t\t\t\n\t\t\t\t\t\t\t<\/div>\n\t\t\t\t\t\t<div class=\"sow-masonry-grid-item\" data-col-span=\"1\"\n\t\t\t\tdata-row-span=\"1\">\n\t\t\t\t\n\t\t\t\t\n\t\t\t\t<img loading=\"lazy\" decoding=\"async\" width=\"300\" height=\"300\" src=\"https:\/\/la-maison.net\/wp-content\/uploads\/2017\/01\/media.jpg\" class=\"sow-masonry-grid-image\" alt=\"\" title=\"\" srcset=\"https:\/\/la-maison.net\/wp-content\/uploads\/2017\/01\/media.jpg 300w, https:\/\/la-maison.net\/wp-content\/uploads\/2017\/01\/media-100x100.jpg 100w, https:\/\/la-maison.net\/wp-content\/uploads\/2017\/01\/media-150x150.jpg 150w\" sizes=\"(max-width: 300px) 100vw, 300px\" \/>\n\t\t\t\t\n\t\t\t\t\t\t\t<\/div>\n\t\t\t\t\t\t<div class=\"sow-masonry-grid-item\" data-col-span=\"1\"\n\t\t\t\tdata-row-span=\"1\">\n\t\t\t\t\n\t\t\t\t\n\t\t\t\t<img loading=\"lazy\" decoding=\"async\" width=\"300\" height=\"300\" src=\"https:\/\/la-maison.net\/wp-content\/uploads\/2017\/01\/icm.jpg\" class=\"sow-masonry-grid-image\" alt=\"\" title=\"\" srcset=\"https:\/\/la-maison.net\/wp-content\/uploads\/2017\/01\/icm.jpg 300w, https:\/\/la-maison.net\/wp-content\/uploads\/2017\/01\/icm-100x100.jpg 100w, https:\/\/la-maison.net\/wp-content\/uploads\/2017\/01\/icm-150x150.jpg 150w\" sizes=\"(max-width: 300px) 100vw, 300px\" \/>\n\t\t\t\t\n\t\t\t\t\t\t\t<\/div>\n\t\t\t\t\t\t<div class=\"sow-masonry-grid-item\" data-col-span=\"1\"\n\t\t\t\tdata-row-span=\"1\">\n\t\t\t\t\n\t\t\t\t\n\t\t\t\t<img loading=\"lazy\" decoding=\"async\" width=\"223\" height=\"226\" src=\"https:\/\/la-maison.net\/wp-content\/uploads\/2024\/10\/images-1.png\" class=\"sow-masonry-grid-image\" alt=\"\" title=\"Tongui\" srcset=\"https:\/\/la-maison.net\/wp-content\/uploads\/2024\/10\/images-1.png 223w, https:\/\/la-maison.net\/wp-content\/uploads\/2024\/10\/images-1-24x24.png 24w, https:\/\/la-maison.net\/wp-content\/uploads\/2024\/10\/images-1-36x36.png 36w, https:\/\/la-maison.net\/wp-content\/uploads\/2024\/10\/images-1-48x48.png 48w\" sizes=\"(max-width: 223px) 100vw, 223px\" \/>\n\t\t\t\t\n\t\t\t\t\t\t\t<\/div>\n\t\t\t\t\t\t<div class=\"sow-masonry-grid-item\" data-col-span=\"1\"\n\t\t\t\tdata-row-span=\"1\">\n\t\t\t\t\n\t\t\t\t\n\t\t\t\t<img loading=\"lazy\" decoding=\"async\" width=\"300\" height=\"300\" src=\"https:\/\/la-maison.net\/wp-content\/uploads\/2017\/05\/questel.jpg\" class=\"sow-masonry-grid-image\" alt=\"questel\" title=\"\" srcset=\"https:\/\/la-maison.net\/wp-content\/uploads\/2017\/05\/questel.jpg 300w, https:\/\/la-maison.net\/wp-content\/uploads\/2017\/05\/questel-100x100.jpg 100w, https:\/\/la-maison.net\/wp-content\/uploads\/2017\/05\/questel-150x150.jpg 150w\" sizes=\"(max-width: 300px) 100vw, 300px\" \/>\n\t\t\t\t\n\t\t\t\t\t\t\t<\/div>\n\t\t\t\n<\/div>\n<\/div><\/div><\/div><\/div><\/div>","protected":false},"excerpt":{"rendered":"<p>R\u00c9F\u00c9RENCES CLIENTS<\/p>\n","protected":false},"author":1,"featured_media":0,"parent":0,"menu_order":0,"comment_status":"closed","ping_status":"closed","template":"","meta":{"footnotes":""},"class_list":["post-5367","page","type-page","status-publish","hentry","blog-blocks-layout","blog-style-imgblock","","blog-alt-odd"],"yoast_head":"<!-- This site is optimized with the Yoast SEO plugin v24.1 - https:\/\/yoast.com\/wordpress\/plugins\/seo\/ -->\n<title>R\u00c9F\u00c9RENCES -<\/title>\n<meta name=\"robots\" content=\"index, follow, max-snippet:-1, max-image-preview:large, max-video-preview:-1\" \/>\n<link rel=\"canonical\" href=\"https:\/\/la-maison.net\/index.php\/le-verre-point-de-depart-cheers\/\" \/>\n<meta property=\"og:locale\" content=\"fr_FR\" \/>\n<meta property=\"og:type\" content=\"article\" \/>\n<meta property=\"og:title\" content=\"R\u00c9F\u00c9RENCES -\" \/>\n<meta property=\"og:description\" content=\"R\u00c9F\u00c9RENCES CLIENTS\" \/>\n<meta property=\"og:url\" content=\"https:\/\/la-maison.net\/index.php\/le-verre-point-de-depart-cheers\/\" \/>\n<meta property=\"article:modified_time\" content=\"2024-11-05T16:11:19+00:00\" \/>\n<meta name=\"twitter:card\" content=\"summary_large_image\" \/>\n<meta name=\"twitter:label1\" content=\"Dur\u00e9e de lecture estim\u00e9e\" \/>\n\t<meta name=\"twitter:data1\" content=\"4 minutes\" \/>\n<script type=\"application\/ld+json\" class=\"yoast-schema-graph\">{\"@context\":\"https:\/\/schema.org\",\"@graph\":[{\"@type\":\"WebPage\",\"@id\":\"https:\/\/la-maison.net\/index.php\/le-verre-point-de-depart-cheers\/\",\"url\":\"https:\/\/la-maison.net\/index.php\/le-verre-point-de-depart-cheers\/\",\"name\":\"R\u00c9F\u00c9RENCES -\",\"isPartOf\":{\"@id\":\"https:\/\/la-maison.net\/#website\"},\"datePublished\":\"2024-10-10T10:38:45+00:00\",\"dateModified\":\"2024-11-05T16:11:19+00:00\",\"breadcrumb\":{\"@id\":\"https:\/\/la-maison.net\/index.php\/le-verre-point-de-depart-cheers\/#breadcrumb\"},\"inLanguage\":\"fr-FR\",\"potentialAction\":[{\"@type\":\"ReadAction\",\"target\":[\"https:\/\/la-maison.net\/index.php\/le-verre-point-de-depart-cheers\/\"]}]},{\"@type\":\"BreadcrumbList\",\"@id\":\"https:\/\/la-maison.net\/index.php\/le-verre-point-de-depart-cheers\/#breadcrumb\",\"itemListElement\":[{\"@type\":\"ListItem\",\"position\":1,\"name\":\"Accueil\",\"item\":\"https:\/\/la-maison.net\/\"},{\"@type\":\"ListItem\",\"position\":2,\"name\":\"R\u00c9F\u00c9RENCES\"}]},{\"@type\":\"WebSite\",\"@id\":\"https:\/\/la-maison.net\/#website\",\"url\":\"https:\/\/la-maison.net\/\",\"name\":\"la-maison.net\",\"description\":\"\",\"publisher\":{\"@id\":\"https:\/\/la-maison.net\/#organization\"},\"potentialAction\":[{\"@type\":\"SearchAction\",\"target\":{\"@type\":\"EntryPoint\",\"urlTemplate\":\"https:\/\/la-maison.net\/?s={search_term_string}\"},\"query-input\":{\"@type\":\"PropertyValueSpecification\",\"valueRequired\":true,\"valueName\":\"search_term_string\"}}],\"inLanguage\":\"fr-FR\"},{\"@type\":\"Organization\",\"@id\":\"https:\/\/la-maison.net\/#organization\",\"name\":\"La Maison\",\"url\":\"https:\/\/la-maison.net\/\",\"logo\":{\"@type\":\"ImageObject\",\"inLanguage\":\"fr-FR\",\"@id\":\"https:\/\/la-maison.net\/#\/schema\/logo\/image\/\",\"url\":\"https:\/\/la-maison.net\/wp-content\/uploads\/2018\/12\/cropped-logo-2019-e1580116215100.jpg\",\"contentUrl\":\"https:\/\/la-maison.net\/wp-content\/uploads\/2018\/12\/cropped-logo-2019-e1580116215100.jpg\",\"width\":384,\"height\":94,\"caption\":\"La Maison\"},\"image\":{\"@id\":\"https:\/\/la-maison.net\/#\/schema\/logo\/image\/\"}}]}<\/script>\n<!-- \/ Yoast SEO plugin. -->","yoast_head_json":{"title":"R\u00c9F\u00c9RENCES -","robots":{"index":"index","follow":"follow","max-snippet":"max-snippet:-1","max-image-preview":"max-image-preview:large","max-video-preview":"max-video-preview:-1"},"canonical":"https:\/\/la-maison.net\/index.php\/le-verre-point-de-depart-cheers\/","og_locale":"fr_FR","og_type":"article","og_title":"R\u00c9F\u00c9RENCES -","og_description":"R\u00c9F\u00c9RENCES CLIENTS","og_url":"https:\/\/la-maison.net\/index.php\/le-verre-point-de-depart-cheers\/","article_modified_time":"2024-11-05T16:11:19+00:00","twitter_card":"summary_large_image","twitter_misc":{"Dur\u00e9e de lecture estim\u00e9e":"4 minutes"},"schema":{"@context":"https:\/\/schema.org","@graph":[{"@type":"WebPage","@id":"https:\/\/la-maison.net\/index.php\/le-verre-point-de-depart-cheers\/","url":"https:\/\/la-maison.net\/index.php\/le-verre-point-de-depart-cheers\/","name":"R\u00c9F\u00c9RENCES -","isPartOf":{"@id":"https:\/\/la-maison.net\/#website"},"datePublished":"2024-10-10T10:38:45+00:00","dateModified":"2024-11-05T16:11:19+00:00","breadcrumb":{"@id":"https:\/\/la-maison.net\/index.php\/le-verre-point-de-depart-cheers\/#breadcrumb"},"inLanguage":"fr-FR","potentialAction":[{"@type":"ReadAction","target":["https:\/\/la-maison.net\/index.php\/le-verre-point-de-depart-cheers\/"]}]},{"@type":"BreadcrumbList","@id":"https:\/\/la-maison.net\/index.php\/le-verre-point-de-depart-cheers\/#breadcrumb","itemListElement":[{"@type":"ListItem","position":1,"name":"Accueil","item":"https:\/\/la-maison.net\/"},{"@type":"ListItem","position":2,"name":"R\u00c9F\u00c9RENCES"}]},{"@type":"WebSite","@id":"https:\/\/la-maison.net\/#website","url":"https:\/\/la-maison.net\/","name":"la-maison.net","description":"","publisher":{"@id":"https:\/\/la-maison.net\/#organization"},"potentialAction":[{"@type":"SearchAction","target":{"@type":"EntryPoint","urlTemplate":"https:\/\/la-maison.net\/?s={search_term_string}"},"query-input":{"@type":"PropertyValueSpecification","valueRequired":true,"valueName":"search_term_string"}}],"inLanguage":"fr-FR"},{"@type":"Organization","@id":"https:\/\/la-maison.net\/#organization","name":"La Maison","url":"https:\/\/la-maison.net\/","logo":{"@type":"ImageObject","inLanguage":"fr-FR","@id":"https:\/\/la-maison.net\/#\/schema\/logo\/image\/","url":"https:\/\/la-maison.net\/wp-content\/uploads\/2018\/12\/cropped-logo-2019-e1580116215100.jpg","contentUrl":"https:\/\/la-maison.net\/wp-content\/uploads\/2018\/12\/cropped-logo-2019-e1580116215100.jpg","width":384,"height":94,"caption":"La Maison"},"image":{"@id":"https:\/\/la-maison.net\/#\/schema\/logo\/image\/"}}]}},"_links":{"self":[{"href":"https:\/\/la-maison.net\/index.php\/wp-json\/wp\/v2\/pages\/5367"}],"collection":[{"href":"https:\/\/la-maison.net\/index.php\/wp-json\/wp\/v2\/pages"}],"about":[{"href":"https:\/\/la-maison.net\/index.php\/wp-json\/wp\/v2\/types\/page"}],"author":[{"embeddable":true,"href":"https:\/\/la-maison.net\/index.php\/wp-json\/wp\/v2\/users\/1"}],"replies":[{"embeddable":true,"href":"https:\/\/la-maison.net\/index.php\/wp-json\/wp\/v2\/comments?post=5367"}],"version-history":[{"count":16,"href":"https:\/\/la-maison.net\/index.php\/wp-json\/wp\/v2\/pages\/5367\/revisions"}],"predecessor-version":[{"id":5487,"href":"https:\/\/la-maison.net\/index.php\/wp-json\/wp\/v2\/pages\/5367\/revisions\/5487"}],"wp:attachment":[{"href":"https:\/\/la-maison.net\/index.php\/wp-json\/wp\/v2\/media?parent=5367"}],"curies":[{"name":"wp","href":"https:\/\/api.w.org\/{rel}","templated":true}]}}