{"id":2004,"date":"2017-06-03T11:11:33","date_gmt":"2017-06-03T10:11:33","guid":{"rendered":"http:\/\/la-maison.net\/wp-content\/uploads\/2017\/06\/invit_FB.jpg"},"modified":"2017-06-03T11:11:55","modified_gmt":"2017-06-03T10:11:55","slug":"invit_fb","status":"inherit","type":"attachment","link":"https:\/\/la-maison.net\/index.php\/2017\/06\/03\/le-21-juin\/invit_fb\/","title":{"rendered":"invit_FB"},"author":1,"featured_media":0,"comment_status":"closed","ping_status":"closed","template":"","meta":[],"class_list":["post-2004","attachment","type-attachment","status-inherit","hentry","blog-blocks-layout","blog-style-imgblock","","blog-alt-odd"],"yoast_head":"<!-- This site is optimized with the Yoast SEO plugin v24.1 - https:\/\/yoast.com\/wordpress\/plugins\/seo\/ -->\n<title>invit_FB -<\/title>\n<meta name=\"robots\" content=\"index, follow, max-snippet:-1, max-image-preview:large, max-video-preview:-1\" \/>\n<link rel=\"canonical\" href=\"https:\/\/la-maison.net\/wp-content\/uploads\/2017\/06\/invit_FB.jpg\" \/>\n<meta property=\"og:locale\" content=\"fr_FR\" \/>\n<meta property=\"og:type\" content=\"article\" \/>\n<meta property=\"og:title\" content=\"invit_FB -\" \/>\n<meta property=\"og:description\" content=\"La Maison chez Leica le 21 juin prochain.\" \/>\n<meta property=\"og:url\" content=\"https:\/\/la-maison.net\/wp-content\/uploads\/2017\/06\/invit_FB.jpg\" \/>\n<meta property=\"article:modified_time\" content=\"2017-06-03T10:11:55+00:00\" \/>\n<meta property=\"og:image\" content=\"https:\/\/la-maison.net\/wp-content\/uploads\/2017\/06\/invit_FB.jpg\" \/>\n\t<meta property=\"og:image:width\" content=\"898\" \/>\n\t<meta property=\"og:image:height\" content=\"914\" \/>\n\t<meta property=\"og:image:type\" content=\"image\/jpeg\" \/>\n<meta name=\"twitter:card\" content=\"summary_large_image\" \/>\n<script type=\"application\/ld+json\" class=\"yoast-schema-graph\">{\"@context\":\"https:\/\/schema.org\",\"@graph\":[{\"@type\":\"WebPage\",\"@id\":\"https:\/\/la-maison.net\/wp-content\/uploads\/2017\/06\/invit_FB.jpg\",\"url\":\"https:\/\/la-maison.net\/wp-content\/uploads\/2017\/06\/invit_FB.jpg\",\"name\":\"invit_FB -\",\"isPartOf\":{\"@id\":\"https:\/\/la-maison.net\/#website\"},\"datePublished\":\"2017-06-03T10:11:33+00:00\",\"dateModified\":\"2017-06-03T10:11:55+00:00\",\"breadcrumb\":{\"@id\":\"https:\/\/la-maison.net\/wp-content\/uploads\/2017\/06\/invit_FB.jpg#breadcrumb\"},\"inLanguage\":\"fr-FR\",\"potentialAction\":[{\"@type\":\"ReadAction\",\"target\":[\"https:\/\/la-maison.net\/wp-content\/uploads\/2017\/06\/invit_FB.jpg\"]}]},{\"@type\":\"BreadcrumbList\",\"@id\":\"https:\/\/la-maison.net\/wp-content\/uploads\/2017\/06\/invit_FB.jpg#breadcrumb\",\"itemListElement\":[{\"@type\":\"ListItem\",\"position\":1,\"name\":\"Accueil\",\"item\":\"https:\/\/la-maison.net\/\"},{\"@type\":\"ListItem\",\"position\":2,\"name\":\"Le 21 juin prochain, l&rsquo;\u00e9v\u00e9nement partag\u00e9 s&rsquo;installe au LEICA STORE Faubourg Saint-Honor\u00e9.\",\"item\":\"https:\/\/la-maison.net\/index.php\/2017\/06\/03\/le-21-juin\/\"},{\"@type\":\"ListItem\",\"position\":3,\"name\":\"invit_FB\"}]},{\"@type\":\"WebSite\",\"@id\":\"https:\/\/la-maison.net\/#website\",\"url\":\"https:\/\/la-maison.net\/\",\"name\":\"la-maison.net\",\"description\":\"\",\"publisher\":{\"@id\":\"https:\/\/la-maison.net\/#organization\"},\"potentialAction\":[{\"@type\":\"SearchAction\",\"target\":{\"@type\":\"EntryPoint\",\"urlTemplate\":\"https:\/\/la-maison.net\/?s={search_term_string}\"},\"query-input\":{\"@type\":\"PropertyValueSpecification\",\"valueRequired\":true,\"valueName\":\"search_term_string\"}}],\"inLanguage\":\"fr-FR\"},{\"@type\":\"Organization\",\"@id\":\"https:\/\/la-maison.net\/#organization\",\"name\":\"La Maison\",\"url\":\"https:\/\/la-maison.net\/\",\"logo\":{\"@type\":\"ImageObject\",\"inLanguage\":\"fr-FR\",\"@id\":\"https:\/\/la-maison.net\/#\/schema\/logo\/image\/\",\"url\":\"https:\/\/la-maison.net\/wp-content\/uploads\/2018\/12\/cropped-logo-2019-e1580116215100.jpg\",\"contentUrl\":\"https:\/\/la-maison.net\/wp-content\/uploads\/2018\/12\/cropped-logo-2019-e1580116215100.jpg\",\"width\":384,\"height\":94,\"caption\":\"La Maison\"},\"image\":{\"@id\":\"https:\/\/la-maison.net\/#\/schema\/logo\/image\/\"}}]}<\/script>\n<!-- \/ Yoast SEO plugin. -->","yoast_head_json":{"title":"invit_FB -","robots":{"index":"index","follow":"follow","max-snippet":"max-snippet:-1","max-image-preview":"max-image-preview:large","max-video-preview":"max-video-preview:-1"},"canonical":"https:\/\/la-maison.net\/wp-content\/uploads\/2017\/06\/invit_FB.jpg","og_locale":"fr_FR","og_type":"article","og_title":"invit_FB -","og_description":"La Maison chez Leica le 21 juin prochain.","og_url":"https:\/\/la-maison.net\/wp-content\/uploads\/2017\/06\/invit_FB.jpg","article_modified_time":"2017-06-03T10:11:55+00:00","og_image":[{"width":898,"height":914,"url":"https:\/\/la-maison.net\/wp-content\/uploads\/2017\/06\/invit_FB.jpg","type":"image\/jpeg"}],"twitter_card":"summary_large_image","schema":{"@context":"https:\/\/schema.org","@graph":[{"@type":"WebPage","@id":"https:\/\/la-maison.net\/wp-content\/uploads\/2017\/06\/invit_FB.jpg","url":"https:\/\/la-maison.net\/wp-content\/uploads\/2017\/06\/invit_FB.jpg","name":"invit_FB -","isPartOf":{"@id":"https:\/\/la-maison.net\/#website"},"datePublished":"2017-06-03T10:11:33+00:00","dateModified":"2017-06-03T10:11:55+00:00","breadcrumb":{"@id":"https:\/\/la-maison.net\/wp-content\/uploads\/2017\/06\/invit_FB.jpg#breadcrumb"},"inLanguage":"fr-FR","potentialAction":[{"@type":"ReadAction","target":["https:\/\/la-maison.net\/wp-content\/uploads\/2017\/06\/invit_FB.jpg"]}]},{"@type":"BreadcrumbList","@id":"https:\/\/la-maison.net\/wp-content\/uploads\/2017\/06\/invit_FB.jpg#breadcrumb","itemListElement":[{"@type":"ListItem","position":1,"name":"Accueil","item":"https:\/\/la-maison.net\/"},{"@type":"ListItem","position":2,"name":"Le 21 juin prochain, l&rsquo;\u00e9v\u00e9nement partag\u00e9 s&rsquo;installe au LEICA STORE Faubourg Saint-Honor\u00e9.","item":"https:\/\/la-maison.net\/index.php\/2017\/06\/03\/le-21-juin\/"},{"@type":"ListItem","position":3,"name":"invit_FB"}]},{"@type":"WebSite","@id":"https:\/\/la-maison.net\/#website","url":"https:\/\/la-maison.net\/","name":"la-maison.net","description":"","publisher":{"@id":"https:\/\/la-maison.net\/#organization"},"potentialAction":[{"@type":"SearchAction","target":{"@type":"EntryPoint","urlTemplate":"https:\/\/la-maison.net\/?s={search_term_string}"},"query-input":{"@type":"PropertyValueSpecification","valueRequired":true,"valueName":"search_term_string"}}],"inLanguage":"fr-FR"},{"@type":"Organization","@id":"https:\/\/la-maison.net\/#organization","name":"La Maison","url":"https:\/\/la-maison.net\/","logo":{"@type":"ImageObject","inLanguage":"fr-FR","@id":"https:\/\/la-maison.net\/#\/schema\/logo\/image\/","url":"https:\/\/la-maison.net\/wp-content\/uploads\/2018\/12\/cropped-logo-2019-e1580116215100.jpg","contentUrl":"https:\/\/la-maison.net\/wp-content\/uploads\/2018\/12\/cropped-logo-2019-e1580116215100.jpg","width":384,"height":94,"caption":"La Maison"},"image":{"@id":"https:\/\/la-maison.net\/#\/schema\/logo\/image\/"}}]}},"description":{"rendered":"<p class=\"attachment\"><a href='https:\/\/la-maison.net\/wp-content\/uploads\/2017\/06\/invit_FB.jpg'><img loading=\"lazy\" decoding=\"async\" width=\"295\" height=\"300\" src=\"https:\/\/la-maison.net\/wp-content\/uploads\/2017\/06\/invit_FB-295x300.jpg\" class=\"attachment-medium size-medium\" alt=\"La Maison chez Leica le 21 juin prochain.\" srcset=\"https:\/\/la-maison.net\/wp-content\/uploads\/2017\/06\/invit_FB-295x300.jpg 295w, https:\/\/la-maison.net\/wp-content\/uploads\/2017\/06\/invit_FB-600x611.jpg 600w, https:\/\/la-maison.net\/wp-content\/uploads\/2017\/06\/invit_FB-768x782.jpg 768w, https:\/\/la-maison.net\/wp-content\/uploads\/2017\/06\/invit_FB.jpg 898w\" sizes=\"(max-width: 295px) 100vw, 295px\" \/><\/a><\/p>\n"},"caption":{"rendered":"<p>La Maison chez Leica le 21 juin prochain.<\/p>\n"},"alt_text":"La Maison chez Leica le 21 juin prochain.","media_type":"image","mime_type":"image\/jpeg","media_details":{"width":898,"height":914,"file":"2017\/06\/invit_FB.jpg","sizes":{"woocommerce_gallery_thumbnail":{"file":"invit_FB-100x100.jpg","width":100,"height":100,"mime_type":"image\/jpeg","source_url":"https:\/\/la-maison.net\/wp-content\/uploads\/2017\/06\/invit_FB-100x100.jpg"},"woocommerce_single":{"file":"invit_FB-600x611.jpg","width":600,"height":611,"mime_type":"image\/jpeg","source_url":"https:\/\/la-maison.net\/wp-content\/uploads\/2017\/06\/invit_FB-600x611.jpg"},"thumbnail":{"file":"invit_FB-150x150.jpg","width":150,"height":150,"mime_type":"image\/jpeg","source_url":"https:\/\/la-maison.net\/wp-content\/uploads\/2017\/06\/invit_FB-150x150.jpg"},"medium":{"file":"invit_FB-295x300.jpg","width":295,"height":300,"mime_type":"image\/jpeg","source_url":"https:\/\/la-maison.net\/wp-content\/uploads\/2017\/06\/invit_FB-295x300.jpg"},"medium_large":{"file":"invit_FB-768x782.jpg","width":768,"height":782,"mime_type":"image\/jpeg","source_url":"https:\/\/la-maison.net\/wp-content\/uploads\/2017\/06\/invit_FB-768x782.jpg"},"shop_thumbnail":{"file":"invit_FB-100x100.jpg","width":100,"height":100,"mime_type":"image\/jpeg","source_url":"https:\/\/la-maison.net\/wp-content\/uploads\/2017\/06\/invit_FB-100x100.jpg"},"shop_catalog":{"file":"invit_FB-300x300.jpg","width":300,"height":300,"uncropped":false,"mime_type":"image\/jpeg","source_url":"https:\/\/la-maison.net\/wp-content\/uploads\/2017\/06\/invit_FB-300x300.jpg"},"shop_single":{"file":"invit_FB-600x611.jpg","width":600,"height":611,"mime_type":"image\/jpeg","source_url":"https:\/\/la-maison.net\/wp-content\/uploads\/2017\/06\/invit_FB-600x611.jpg"},"nikkon_blog_img_side":{"file":"invit_FB-500x380.jpg","width":500,"height":380,"mime_type":"image\/jpeg","source_url":"https:\/\/la-maison.net\/wp-content\/uploads\/2017\/06\/invit_FB-500x380.jpg"},"nikkon_blog_img_top":{"file":"invit_FB-898x440.jpg","width":898,"height":440,"mime_type":"image\/jpeg","source_url":"https:\/\/la-maison.net\/wp-content\/uploads\/2017\/06\/invit_FB-898x440.jpg"},"sow-carousel-default":{"file":"invit_FB-272x182.jpg","width":272,"height":182,"mime_type":"image\/jpeg","source_url":"https:\/\/la-maison.net\/wp-content\/uploads\/2017\/06\/invit_FB-272x182.jpg"},"woocommerce_thumbnail":{"file":"invit_FB-300x300.jpg","width":300,"height":300,"uncropped":false,"mime_type":"image\/jpeg","source_url":"https:\/\/la-maison.net\/wp-content\/uploads\/2017\/06\/invit_FB-300x300.jpg"},"full":{"file":"invit_FB.jpg","width":898,"height":914,"mime_type":"image\/jpeg","source_url":"https:\/\/la-maison.net\/wp-content\/uploads\/2017\/06\/invit_FB.jpg"}},"image_meta":{"aperture":"0","credit":"","camera":"","caption":"","created_timestamp":"0","copyright":"","focal_length":"0","iso":"0","shutter_speed":"0","title":"","orientation":"0","keywords":[]}},"post":2003,"source_url":"https:\/\/la-maison.net\/wp-content\/uploads\/2017\/06\/invit_FB.jpg","_links":{"self":[{"href":"https:\/\/la-maison.net\/index.php\/wp-json\/wp\/v2\/media\/2004"}],"collection":[{"href":"https:\/\/la-maison.net\/index.php\/wp-json\/wp\/v2\/media"}],"about":[{"href":"https:\/\/la-maison.net\/index.php\/wp-json\/wp\/v2\/types\/attachment"}],"author":[{"embeddable":true,"href":"https:\/\/la-maison.net\/index.php\/wp-json\/wp\/v2\/users\/1"}],"replies":[{"embeddable":true,"href":"https:\/\/la-maison.net\/index.php\/wp-json\/wp\/v2\/comments?post=2004"}]}}

<!-- This site is optimized with the Yoast SEO plugin v24.1 - https://yoast.com/wordpress/plugins/seo/ -->
<title>invit_FB -</title>
<meta name="robots" content="index, follow, max-snippet:-1, max-image-preview:large, max-video-preview:-1" />
<link rel="canonical" href="https://la-maison.net/wp-content/uploads/2017/06/invit_FB.jpg" />
<meta property="og:locale" content="fr_FR" />
<meta property="og:type" content="article" />
<meta property="og:title" content="invit_FB -" />
<meta property="og:description" content="La Maison chez Leica le 21 juin prochain." />
<meta property="og:url" content="https://la-maison.net/wp-content/uploads/2017/06/invit_FB.jpg" />
<meta property="article:modified_time" content="2017-06-03T10:11:55+00:00" />
<meta property="og:image" content="https://la-maison.net/wp-content/uploads/2017/06/invit_FB.jpg" />
	<meta property="og:image:width" content="898" />
	<meta property="og:image:height" content="914" />
	<meta property="og:image:type" content="image/jpeg" />
<meta name="twitter:card" content="summary_large_image" />
<script type="application/ld+json" class="yoast-schema-graph">{"@context":"https://schema.org","@graph":[{"@type":"WebPage","@id":"https://la-maison.net/wp-content/uploads/2017/06/invit_FB.jpg","url":"https://la-maison.net/wp-content/uploads/2017/06/invit_FB.jpg","name":"invit_FB -","isPartOf":{"@id":"https://la-maison.net/#website"},"datePublished":"2017-06-03T10:11:33+00:00","dateModified":"2017-06-03T10:11:55+00:00","breadcrumb":{"@id":"https://la-maison.net/wp-content/uploads/2017/06/invit_FB.jpg#breadcrumb"},"inLanguage":"fr-FR","potentialAction":[{"@type":"ReadAction","target":["https://la-maison.net/wp-content/uploads/2017/06/invit_FB.jpg"]}]},{"@type":"BreadcrumbList","@id":"https://la-maison.net/wp-content/uploads/2017/06/invit_FB.jpg#breadcrumb","itemListElement":[{"@type":"ListItem","position":1,"name":"Accueil","item":"https://la-maison.net/"},{"@type":"ListItem","position":2,"name":"Le 21 juin prochain, l&rsquo;événement partagé s&rsquo;installe au LEICA STORE Faubourg Saint-Honoré.","item":"https://la-maison.net/index.php/2017/06/03/le-21-juin/"},{"@type":"ListItem","position":3,"name":"invit_FB"}]},{"@type":"WebSite","@id":"https://la-maison.net/#website","url":"https://la-maison.net/","name":"la-maison.net","description":"","publisher":{"@id":"https://la-maison.net/#organization"},"potentialAction":[{"@type":"SearchAction","target":{"@type":"EntryPoint","urlTemplate":"https://la-maison.net/?s={search_term_string}"},"query-input":{"@type":"PropertyValueSpecification","valueRequired":true,"valueName":"search_term_string"}}],"inLanguage":"fr-FR"},{"@type":"Organization","@id":"https://la-maison.net/#organization","name":"La Maison","url":"https://la-maison.net/","logo":{"@type":"ImageObject","inLanguage":"fr-FR","@id":"https://la-maison.net/#/schema/logo/image/","url":"https://la-maison.net/wp-content/uploads/2018/12/cropped-logo-2019-e1580116215100.jpg","contentUrl":"https://la-maison.net/wp-content/uploads/2018/12/cropped-logo-2019-e1580116215100.jpg","width":384,"height":94,"caption":"La Maison"},"image":{"@id":"https://la-maison.net/#/schema/logo/image/"}}]}</script>
<!-- / Yoast SEO plugin. -->

Le 21 juin prochain, l&rsquo;événement partagé s&rsquo;installe au LEICA STORE Faubourg Saint-Honoré.
